r when z is divided by 3/(-5) - 369/o?
22
Suppose 0 = 5*q - a - 111 - 60, 0 = -3*q + 2*a + 111. Calculate the remainder when q is divided by (-1)/(1/14*-2).
5
Suppose -5*v = c - 88, -3*c - 7 = -1. Suppose -3*u = -4*k - 99 - 96, 0 = 5*u - 2*k - 339. Calculate the remainder when u is divided by v.
15
Suppose -5*q - 4*i + 185 = 0, 2*q + 3*i = 5*q - 138. Suppose -r + 0*r = -3*v + 41, 0 = 4*v + 3*r - 72. Calculate the remainder when q is divided by v.
11
Let z = 15 - -1. Let c(j) = 6*j**2 + 4*j - 3. Let m = 0 + 2. What is the remainder when c(m) is divided by z?
13
Let r(m) = m**3 - 8*m**2 + 6*m + 31. Let o be r(9). Let n = o - 127. What is the remainder when n is divided by 9?
3
Suppose 0 = 3*r - 4*p - 13, -p = 4*r + 7 + 1. Calculate the remainder when 88 is divided by -10*(r + -2)*1.
28
Suppose 0*d = -d + 13. Let r(g) = -2 - 3*g + 33*g**2 + 9*g - 34*g**2. What is the remainder when d is divided by r(3)?
6
Suppose -f - 5*w + 96 = 0, 3*f - 113 = -3*w + 139. Calculate the remainder when f is divided by 22.
15
Suppose -54 = -4*c + 10*c. Let i = 0 - c. Suppose i = 3*y - 2*y. What is the remainder when y is divided by 6?
3
Let d be (-16)/(-3)*(-6)/4. Let b(v) = -v**3 - 10*v**2 - 17*v - 6. Let j be b(d). Suppose j*i = 6*i - 40. Calculate the remainder when 27 is divided by i.
7
Suppose -34*u + 54 = 3*n - 33*u, 0 = -2*n + 3*u + 36. Calculate the remainder when 62 is divided by n.
8
Let a(x) = -x**2 - 12*x - 23. Let g be a(-12). Let k(t) = 2*t + 77. What is the remainder when 154 is divided by k(g)?
30
Let i(q) = -12*q**2 - 2*q. Let k be i(-1). Let m = -8 - k. Suppose -m*p + 30 = 3*j - j, -3*j + 45 = p. What is the remainder when 29 is divided by j?
14
Suppose 4*q - 270 = -q. Let x be (-249)/(-12) + 1/4. Let y = 40 - x. Calculate the remainder when q is divided by y.
16
Suppose 4*g = 6*g - 54. Suppose -4*s + g = -201. Calculate the remainder when s is divided by 10.
7
Let w(d) = 6*d**2 + 3*d + 7. Let t be 16/6*15/20. Let h(z) = -2*z. Let v be h(t). Calculate the remainder when w(v) is divided by 23.
22
Let o(f) = -10*f**3 - 13*f - 14. Suppose -3*j + 3*n - 3 = -69, -5*n = 0. What is the remainder when j is divided by o(-1)?
4
Let t(b) = -2*b**3 - 2*b**2 + 42*b + 85. Suppose -2*j + 18 = 5*f + 1, -5*f = -4*j - 11. What is the remainder when f*15 + 2 + -4 is divided by t(-2)?
7
Let i(p) = 25*p**2 - p - 16. What is the remainder when i(-3) is divided by 75?
62
Suppose 5*w - 260 = -8*w. What is the remainder when 55 is divided by w?
15
Let x(a) = 2*a**2 - 2*a - 1. Let r be x(2). Suppose -8*q + r*q + 65 = 0. Suppose 20 = -0*g + 4*g. Calculate the remainder when q is divided by g.
3
Let t = -20 - -31. Let j = t - -7. What is the remainder when (306/(-12))/(6/(-8)) is divided by j?
16
Let q = 28 + 57. Let g be (-3)/6 + 1/2. What is the remainder when q is divided by 21 - (g + 2/(-2))?
19
Suppose 0 = 5*g + 7 + 23. What is the remainder when g*((-92)/8 - (-1)/(-2)) is divided by 19?
15
Let d = -46 + 88. Calculate the remainder when d is divided by 15.
12
Suppose 67*s = 16*s + 459. Calculate the remainder when 681 is divided by s.
6
Suppose -30*x + 56*x = 598. Calculate the remainder when (1/((-2)/70))/(-1) is divided by x.
12
Let k be (-183)/9*(0 - (3 - 0)). Suppose -6*p - 1 = -k. What is the remainder when 47 is divided by p?
7
Suppose -v = 4*v + g - 171, -4*v + 2*g + 134 = 0. Calculate the remainder when v is divided by 2/(-3) + (-46)/(-6).
6
Suppose 47*n = 68*n - 10920. What is the remainder when n is divided by 3?
1
Let h be (4/8)/(1/2). Let k(g) = 0 + 0 + 20*g. Calculate the remainder when 79 is divided by k(h).
19
Suppose 8*r + 9 = 41. Suppose 2*n = -3*u + 18, -r*n + 2*u = -9*n + 56. Let y = 3 + 2. Calculate the remainder when n is divided by y.
2
Let q(t) = t**3 + 9*t**2 + 4*t + 2. Let b be 2*-2 - (0 - -4). Calculate the remainder when q(b) is divided by 18.
16
Let z(h) = 4*h**2 + 7*h + 6. Let a(b) = -b - 5. Let f be a(0). Suppose c + 4*k - k = 12, 4*k - 32 = -2*c. What is the remainder when z(f) is divided by c?
23
Suppose -234 = -45*q + 1296. What is the remainder when q is divided by 27?
7
Suppose 5*i = -0*w + 2*w - 128, 4*i + 100 = w. Let k = i + 49. What is the remainder when k is divided by 9?
7
Let j(b) = b**3 + 3*b**2 - 9*b + 14. Calculate the remainder when j(3) is divided by 21.
20
Let y(i) = 6*i + 10. Let u be y(4). Calculate the remainder when u + 5 + 3 + -5 is divided by 1 + 0 + 4*3.
11
Let f(b) = -4*b + 33. Let x be f(12). Let i = x + 27. Calculate the remainder when i is divided by 5.
2
Suppose 127 = 2*z - 49. What is the remainder when z is divided by (-10)/(20/12 - 2 - 0)?
28
Let n = 341 + -283. What is the remainder when n is divided by 12?
10
Let z = -61 - -33. Let p be ((-210)/z)/(6/(-16)). What is the remainder when 53 is divided by (88/p)/((-4)/10)?
9
Let v = -15 + 15. Suppose v = -0*c - 6*c + 36. What is the remainder when 16 is divided by c?
4
Suppose -3*z = 5*a - 262, -2*a + 142 - 41 = 5*z. What is the remainder when a is divided by 11?
9
Let x = 372 + -363. Let g = 56 - 40. Suppose 2*y + g = 3*q + y, 5*q - y - 26 = 0. Calculate the remainder when x is divided by q.
4
Let d be 10/(-4)*36/(-30). Suppose -2*o + 1 = -d*o. Calculate the remainder when (3/(-6))/(o/142) is divided by 15.
11
Let q be (-1 - 0)*0/(-3). Suppose q = h + 3*v + 7, -3*v - 3 = -3*h - 4*v. Suppose -h*a - 21 = -5*a. Calculate the remainder when 13 is divided by a.
6
What is the remainder when 132 is divided by ((-6)/(-7))/(111/4921)?
18
Let z(p) = 6*p + 7. Let d be z(4). Let t = d - -45. Calculate the remainder when t is divided by 16.
12
Calculate the remainder when ((3 - 4)*-21)/1 is divided by 11.
10
Suppose -4*y = 3*a - 183 - 46, 0 = 3*y + a - 173. Calculate the remainder when y is divided by 16.
10
Suppose -3*s = -2*s - 5*c - 50, 2*c + 164 = 4*s. Suppose -385 = 4*t - 9*t. Calculate the remainder when t is divided by s.
37
Let d(w) = 7*w**3 - 1. Suppose 2*o + 7 = 9. Let j be d(o). Suppose z - m = j, -2*z - z = 4*m - 39. Calculate the remainder when 33 is divided by z.
6
Let s = 1204 + -1192. Calculate the remainder when s is divided by 7.
5
Let s = -214 + 386. Calculate the remainder when s is divided by 91.
81
Let s(u) = 13*u - 2. Let c = 5 - 5. Suppose c = 4*a - 2*k - 10, a + 0*k = k + 3. What is the remainder when 70 is divided by s(a)?
22
Suppose -2*d + 12 = d. Let k(m) = m**3 - 5*m**2 + 6*m - 5. Let q be k(d). Let i(g) = 2*g**3 + g**2 - 7*g + 3. What is the remainder when i(q) is divided by 12?
9
Suppose 132 + 62 = -2*s. Let p = s + 115. What is the remainder when 51 is divided by p?
15
Suppose n = -0*n. Suppose o + n = -3*w - 4, -2*o + 19 = -3*w. What is the remainder when 19 is divided by 42/(-1 + 4) + w?
8
Suppose -85 = -5*r + i, -17 = -r + i + i. What is the remainder when ((-16)/18)/(14 + (-34700)/2475) is divided by r?
10
Suppose 6*y = -0*y + 72. Suppose 6 = -4*u - 2*l + 48, 2*u - 2*l - y = 0. Calculate the remainder when u is divided by 3.
0
Calculate the remainder when (16/2 + -30)/(-2 + 0) is divided by 8.
3
Let f be 3/(-6) - ((-68)/(-8) - 3). What is the remainder when 21 is divided by (32/f - -6)/((-2)/(-27))?
3
Suppose s + 2 = 2*s. Suppose g + g - s = 0. Let p = 4 + -2. Calculate the remainder when p is divided by g.
0
Let s(h) = h**3 - 9*h**2 + 8*h + 2. Let q be s(8). Suppose q - 8 = -6*y. Calculate the remainder when 97 is divided by (-5)/((-2)/10*y).
22
Suppose 5*v = 4*n - 65 - 30, 0 = -4*n - 4*v + 104. Suppose 285 = -y + 4*y. Calculate the remainder when y is divided by n.
20
Let l = -65 + 207. Calculate the remainder when l is divided by 12.
10
Suppose -8 = 5*j + 2. Let o be 1*9*j/(-3). Calculate the remainder when 30 is divided by 2 + (3 - o) + 12.
8
Calculate the remainder when 745 is divided by (23 - 1)/((4 - -4)/16).
41
Let j(o) = 12*o**2 - 4*o + 5. Let d be j(-4). Suppose -4*c + 4*m = -308, 5*c - 8*c - 3*m = -d. Calculate the remainder when c is divided by 21.
11
What is the remainder when (-68 + 58)*7*2/(-4) is divided by 9?
8
Let o = 2096 - 2021. Calculate the remainder when o is divided by 14.
5
Let r = 222 + -181. What is the remainder when r is divided by 28?
13
Suppose -4*y + 2680 = 16*y. Calculate the remainder when y is divided by 68.
66
Let r(d) = -d**3 - 3*d**2 + 2. Let p be r(0). Suppose -p*t - 56 = -3*g, g - 52 = -g + 5*